e the prime factors of t?
23
Let h = -1894 - -1105. What are the prime factors of (-2)/((-30)/h)*(-40 - -25)?
3, 263
Let m(w) = -w**3 - 119*w**2 - 115*w - 1307. What are the prime factors of m(-119)?
2, 3, 2063
List the prime factors of 838*((-23)/((-161)/294))/((-16)/(-20)).
3, 5, 7, 419
Let y(d) = 3*d**2 + d. Suppose -20*f = -18*f. Suppose 2*t + t + 5*m - 2 = f, m + 2 = -3*t. What are the prime factors of y(t)?
2
Let j(k) = -172*k + 25. Let h be -5 + (-14)/7*6/(-4). List the prime factors of j(h).
3, 41
Let l = -59 + 26. Let s = 366 - l. What are the prime factors of s?
3, 7, 19
Let s = 48 - -20. Suppose 0 = j - 337 + s. List the prime factors of j.
269
Let c be 12/(-30)*5 - -1*66. Let a = c + -14. Suppose -7*r + 281 = a. What are the prime factors of r?
3, 11
Suppose 19*k - 81*k = 37*k - 1016334. What are the prime factors of k?
2, 3, 29, 59
Let k(o) = -2*o**3 + 3*o**2 - 4*o - 1. Let f be k(3). Let y = -33 - f. Suppose y*s = s + 684. List the prime factors of s.
2, 3, 19
Suppose 3*h - 8 = 3*k + 1, 0 = -3*k. Let m(b) = -8 + 2*b**h + 6*b - b**2 - 2*b**2 - 4*b**3 + 10*b**3. List the prime factors of m(3).
199
Suppose 7342 - 18211 = -6*y + 27033. List the prime factors of y.
6317
Suppose 11*p + 2086 = 4*p. What are the prime factors of p/(5 + 1 + -7)?
2, 149
What are the prime factors of (-21)/35*(-105480)/108?
2, 293
Let r = 41553 - 22939. What are the prime factors of r?
2, 41, 227
Suppose 3708 = 3*f - 1890. Suppose f = 4*h - 4*k - k, 0 = -3*h + 5*k + 1397. Let n = -318 + h. What are the prime factors of n?
151
Let b(u) = 3*u**3 + 6*u**2 + u + 10. Let v be b(6). Let p = -334 + v. Suppose -p = 5*h - 11*h. What are the prime factors of h?
7, 13
Suppose -3*y + 16 = 3*m + 13, 24 = 3*y - 4*m. Suppose -y*f = 225 - 681. List the prime factors of f.
2, 3, 19
Let a = 5160 - 2448. Suppose -u = 4*z - 5*u - a, 0 = 5*z + 5*u - 3410. List the prime factors of z.
2, 5, 17
Let f = 65 + -57. Suppose f*l - 1452 = 684. List the prime factors of l.
3, 89
Let f(r) be the third derivative of r**6/120 + r**5/15 - r**4/8 - r**3 + 3*r**2. Let z be f(-7). Let g = -93 - z. What are the prime factors of g?
3, 13
Let f = -343 + 352. Suppose 4*b - 5905 = -5*y, 4*y + 10*b = f*b + 4713. What are the prime factors of y?
11, 107
Suppose 0 = 9*y + y + 80. What are the prime factors of y/(-2)*2199/12?
733
Suppose 1162*q - 1123*q - 135096 = 0. What are the prime factors of q?
2, 433
Let i(l) = 1660*l**2 + 8*l + 1. What are the prime factors of i(3)?
5, 41, 73
Suppose -6*d - 78 = -1590. Let s = -97 + 34. Let f = s + d. What are the prime factors of f?
3, 7
Suppose -50*s + 2*s = -1200. Suppose 17*g - 9492 = -s*g. List the prime factors of g.
2, 113
Let k = -24122 + 50587. What are the prime factors of k?
5, 67, 79
Suppose 0 = 14*m - 9*m + 60. Let a be (-2)/3 + 40/m. Let f = 30 + a. What are the prime factors of f?
2, 13
Let y(j) = 2*j**3 + 4*j - 3. Let m be 3 + -1 - ((-6)/2)/1. Suppose m*r - 4*b + 4 = 15, 4*b = 4. What are the prime factors of y(r)?
3, 7
Let z(b) = 11594*b**2 - 1863*b - 3724. List the prime factors of z(-2).
2, 23189
Let h(k) = k**3 + 11*k**2 + 8*k - 3. Let x be h(-10). Suppose -14*a = -x*a + 480. Suppose r + 66 = a. What are the prime factors of r?
2, 47
What are the prime factors of ((-8616)/60)/(6/(-1920))?
2, 359
Let k(y) = 2*y - 2. Let q(s) = 20*s - 32. Let o(g) = -12*k(g) - q(g). What are the prime factors of o(-20)?
2, 3, 13
What are the prime factors of ((-15)/(-2))/3*(74562/15 + 12)?
12457
Let z(k) = k**3 + 12*k + 2*k**2 + 94 - 184 + 94. List the prime factors of z(8).
2, 5, 37
Let i(q) = -q**2 - 15*q + 4. Suppose 2*u + 45 = -u. Let p be i(u). What are the prime factors of -1 - (-135 + (-2 - (-2 + p)))?
2, 3, 23
Let g = 31558 - 1026. List the prime factors of g.
2, 17, 449
Suppose -7*s = -28 - 182. Let t be -15*(-3 + s/9). What are the prime factors of t - (-70)/15 - 698/(-6)?
2, 29
Let z = -3804 - -4021. Suppose -a + 16 = 146. Let f = a + z. What are the prime factors of f?
3, 29
Let h = -14872 - -14931. Let f(p) = 140*p**2 - p. Let u be f(1). Let v = h + u. List the prime factors of v.
2, 3, 11
Let k(j) = 2*j + 27. Let q be k(-11). Suppose 0*h - 60 = q*h. What are the prime factors of (1 - 0)*4/(h/(-159))?
53
Suppose -114 = -16*a - 3*a. Let m(t) = -t**2 + 6*t + 5. Let w be m(a). Suppose -w*n - 171 + 966 = 0. List the prime factors of n.
3, 53
Let j = -531 - -959. Suppose -2*x - 4*r = -j, 2*x - x - 216 = -4*r. Suppose m = -4*z + x, 2*m - 108 = -4*z + 104. What are the prime factors of z?
53
Suppose 16*w - 167775 - 3219 = 233742. What are the prime factors of w?
2, 3, 17, 31
Let p(c) be the first derivative of -c**3/3 - 13*c**2/2 + 20*c + 11. Let i be p(-14). List the prime factors of i + -7 + (-154)/(-2).
2, 19
Let p be (4/8)/((-4)/(-136)). Suppose -p*d + 12653 = 4357. List the prime factors of d.
2, 61
Suppose 5*r - 2719 = 3*a, 3*a + 2177 = 3*r + r. Let m = r + -354. What are the prime factors of m?
2, 47
Suppose 5 = -5*s, 3*s - 2356 - 876 = -5*r. List the prime factors of r + (30/10)/((-1)/(-2)).
653
Suppose 0 = 10*f - 16*f + h + 6198, 0 = -4*f + h + 4134. What are the prime factors of f?
2, 3, 43
Let v(b) = 3*b**2 + 7*b - 12. Suppose 28*g - 21*g = 49. Let w(h) = 3*h - 15. Let j be w(g). What are the prime factors of v(j)?
2, 3, 23
Let b(m) = 46*m - 36 + 100 - 48. List the prime factors of b(3).
2, 7, 11
Suppose 4*x - 7*x = -4*b + 63, -3*x - 3 = b. What are the prime factors of 4/b - -3126*6/27?
5, 139
Suppose -56*c + 58*c - q = 12614, 6313 = c - 2*q. List the prime factors of c.
5, 13, 97
Let m(f) = -12*f + 3. Let j(t) = -t. Let s(a) = 18*j(a) - m(a). Let n(d) = -d. Let g(h) = -3*n(h) - s(h). List the prime factors of g(2).
3, 7
Suppose -5*z = 66 - 46. What are the prime factors of z/22 + (-166077)/(-297)?
13, 43
Let c be ((-497)/2)/7 - 15/(-10). List the prime factors of ((-257160)/c)/4 - 2/(-17).
31, 61
Let q be (-4)/((-80)/9644) + 4/(-20). Suppose -p - 90 = -q. What are the prime factors of p?
2, 7
Let o(d) = 15*d**3 - d**2 - 3*d - 2. Let k be o(-1). Let i = k + 17. Suppose -i*w - 180 = -4*w. List the prime factors of w.
2, 3, 5
Suppose -5*j - 42869 = 7*t - 137316, -j = -5*t - 18915. List the prime factors of j.
5, 3779
Let x be ((-2709)/(-36))/(4/16). Suppose 287*a - x*a + 3668 = 0. What are the prime factors of a?
2, 131
Suppose 38*y = 6*y + 49151 + 545. List the prime factors of y.
1553
Let q(y) = -12*y**3 + 13*y**2 + 120*y + 1581. What are the prime factors of q(-13)?
2, 31, 461
Suppose 0*h - 5*h = -b - 2, -12 = -5*b + 3*h. Suppose -b*g = -9*g. Suppose 5*w + 51 = -g*c + c, -4*w = -4*c + 156. List the prime factors of c.
2, 3
Let z(q) = 27*q**2 + 41*q - 369. What are the prime factors of z(13)?
29, 163
Suppose 0 = -16*z + 215770 + 186982. What are the prime factors of z?
2, 7, 29, 31
Let m(j) = 66*j**3 - 6*j**2 + 25*j - 6. What are the prime factors of m(10)?
2, 16411
Suppose -5*d = 4*n + 681, -4*d - 387 = -3*n + 164. Let x = d - -229. List the prime factors of x.
2, 23
Suppose 0 = -2*w - 0 + 50. Suppose 3*n - w = 5*s, 2*n + 50 = -5*s - 0*n. List the prime factors of (52/s - 2)*2*-3.
3, 17
List the prime factors of (-8342754)/(-882) + 45 + 3/((-63)/(-2)).
2, 3, 11
Let i(q) = 11*q**2 - 13*q + 4. Let w be 25/4 - (-1)/(-4). Let f be i(w). Suppose -12*h - 2*h = -f. What are the prime factors of h?
23
Suppose 82195 = 7*h - 6*f + 10*f, 5*f = 3*h - 35260. List the prime factors of h.
3, 5, 29
Let w = 2999 + -1717. Suppose -2*t - 4*v + w = 0, -3*t - v + 861 + 1042 = 0. What are the prime factors of t?
3, 211
Let p = -3306 + 7619. What are the prime factors of p?
19, 227
Suppose 0 = -7*u - 9*u + 118992. What are the prime factors of u?
3, 37, 67
Suppose -10*b = 13*b - 7958. Let u = -152 + b. List the prime factors of u.
2, 97
Let h(p) = p**2 - 18*p + 30. Let q be h(26). Suppose -q = -l + 2*d + d, 5*d + 20 = 0. List the prime factors of l.
2, 113
Let x(u) be the third derivative of u**4/24 + u**3/3 - 3*u**2. Let g be x(2). What are the prime factors of (g - (-66)/(-15)) + (-786)/(-15)?
2, 13
Suppose 3139*h = 3180*h - 2615677. List the prime factors of h.
131, 487
Suppose -7*q = -20 + 6. Suppose 8 = -q*o, 0*o + 5 = -y - 2*o. Suppose -i + 216 = y*i. What are the prime factors of i?
2, 3
Suppose 2*k + 8 = 10. Let c be k/5 - (-88)/10. Suppose 3*z = c*z -